and 309.
103
Calculate the greatest common factor of 42 and 2634.
6
What is the greatest common factor of 1491 and 33?
3
What is the greatest common factor of 704 and 3776?
64
Calculate the greatest common divisor of 6 and 10638.
6
What is the highest common divisor of 667 and 5?
1
Calculate the highest common divisor of 330 and 50.
10
What is the greatest common factor of 39 and 65?
13
What is the highest common factor of 2220 and 300?
60
Calculate the greatest common factor of 553 and 21.
7
Calculate the highest common factor of 5236 and 170.
34
Calculate the greatest common divisor of 676 and 8.
4
Calculate the greatest common factor of 2847 and 39.
39
Calculate the greatest common divisor of 60 and 270.
30
Calculate the highest common divisor of 160 and 140.
20
Calculate the highest common divisor of 1593 and 9.
9
What is the greatest common divisor of 24 and 156?
12
Calculate the highest common factor of 328 and 10988.
164
Calculate the highest common factor of 3896 and 40.
8
What is the highest common divisor of 34 and 12393?
17
What is the highest common factor of 498 and 18?
6
What is the highest common divisor of 33 and 231?
33
What is the highest common factor of 285 and 1615?
95
What is the greatest common factor of 4389 and 114?
57
Calculate the highest common divisor of 93 and 15.
3
Calculate the highest common factor of 110 and 40.
10
What is the highest common divisor of 153 and 68?
17
Calculate the highest common divisor of 1387 and 152.
19
What is the highest common factor of 12 and 588?
12
What is the greatest common factor of 85605 and 195?
195
What is the highest common factor of 592 and 407?
37
Calculate the highest common divisor of 189 and 12327.
21
Calculate the greatest common factor of 24 and 28.
4
Calculate the highest common divisor of 671 and 22.
11
Calculate the highest common divisor of 4 and 64.
4
Calculate the greatest common divisor of 8 and 1516.
4
What is the highest common factor of 1645 and 105?
35
Calculate the greatest common divisor of 649 and 531.
59
What is the highest common divisor of 28692 and 36?
36
What is the highest common factor of 22 and 1826?
22
Calculate the greatest common divisor of 230 and 782.
46
Calculate the highest common factor of 66 and 66.
66
Calculate the greatest common divisor of 102 and 1088.
34
Calculate the highest common factor of 1853 and 34.
17
Calculate the greatest common factor of 49 and 98.
49
What is the highest common factor of 9 and 13563?
9
Calculate the greatest common factor of 335 and 67.
67
Calculate the greatest common divisor of 239 and 1.
1
What is the highest common factor of 87 and 174?
87
What is the greatest common divisor of 19915 and 35?
35
Calculate the greatest common divisor of 203 and 20503.
203
What is the highest common factor of 145 and 58?
29
What is the highest common divisor of 3996 and 12?
12
Calculate the greatest common divisor of 455 and 39.
13
What is the greatest common factor of 1222 and 658?
94
Calculate the highest common factor of 110 and 22.
22
Calculate the highest common divisor of 1475 and 125.
25
What is the greatest common factor of 8433 and 54?
9
Calculate the highest common divisor of 7282 and 110.
22
What is the greatest common factor of 2 and 41?
1
What is the greatest common factor of 18 and 144?
18
What is the greatest common factor of 156 and 4485?
39
What is the greatest common divisor of 72 and 104?
8
Calculate the greatest common factor of 2575 and 721.
103
Calculate the highest common divisor of 270 and 720.
90
Calculate the highest common divisor of 20 and 1070.
10
What is the highest common divisor of 9472 and 148?
148
Calculate the greatest common divisor of 33 and 363.
33
What is the highest common divisor of 40 and 180?
20
What is the greatest common divisor of 72 and 747?
9
What is the highest common divisor of 109 and 7848?
109
Calculate the highest common factor of 11 and 352.
11
What is the greatest common divisor of 335 and 5?
5
What is the highest common divisor of 30 and 1155?
15
Calculate the highest common factor of 34 and 782.
34
Calculate the greatest common divisor of 1248 and 78.
78
Calculate the highest common factor of 26 and 195.
13
Calculate the highest common divisor of 55347 and 114.
57
Calculate the highest common factor of 9 and 1359.
9
Calculate the highest common factor of 73 and 11461.
73
What is the greatest common factor of 651 and 21?
21
Calculate the highest common factor of 42 and 78.
6
Calculate the greatest common divisor of 44 and 572.
44
Calculate the highest common divisor of 1277 and 3.
1
What is the highest common divisor of 74 and 185?
37
What is the greatest common divisor of 28 and 124?
4
Calculate the highest common divisor of 135 and 40.
5
Calculate the greatest common factor of 10060 and 60.
20
What is the highest common divisor of 4 and 28?
4
Calculate the highest common factor of 858 and 78.
78
Calculate the highest common divisor of 158 and 12.
2
What is the highest common factor of 160 and 3280?
80
What is the greatest common factor of 31 and 1364?
31
What is the highest common divisor of 535 and 10?
5
Calculate the highest common divisor of 80 and 2220.
20
What is the highest common divisor of 19 and 19?
19
Calculate the greatest common factor of 72 and 384.
24
What is the greatest common factor of 16 and 208?
16
Calculate the greatest common factor of 319 and 22.
11
Calculate the greatest common divisor of 4477 and 847.
121
Calculate the highest common divisor of 11357 and 41.
41
What is the greatest common factor of 6412 and 28?
28
What is the highest common factor of 43 and 2623?
43
What is the greatest common divisor of 210 and 750?
30
What is the highest common factor of 154 and 112?
14
Calculate the highest common factor of 4468 and 4.
4
What is the greatest common factor of 4 and 916?
4
Calculate the highest common factor of 9 and 99.
9
Calculate the highest common factor of 611 and 26.
13
What is the greatest common divisor of 567 and 7?
7
What is the highest common divisor of 99 and 11?
11
Calculate the highest common divisor of 165 and 429.
33
What is the greatest common factor of 23 and 12581?
23
Calculate the highest common factor of 105 and 105.
105
What is the highest common divisor of 104 and 221?
13
What is the greatest common factor of 32 and 1?
1
Calculate the greatest common divisor of 27 and 621.
27
Calculate the greatest common factor of 1248 and 52.
52
Calculate the highest common factor of 8413 and 358.
179
What is the greatest common divisor of 15 and 312?
3
Calculate the highest common factor of 66 and 26202.
66
What is the highest common divisor of 3401 and 247?
19
What is the highest common factor of 60 and 912?
12
What is the highest common divisor of 40 and 12780?
20
What is the greatest common divisor of 12 and 156?
12
What is the greatest common divisor of 55 and 15895?
55
What is the highest common factor of 65 and 4160?
65
What is the highest common factor of 714 and 84?
42
Calculate the highest common divisor of 64 and 188.
4
Calculate the greatest common divisor of 252 and 1872.
36
What is the highest common divisor of 2236 and 4?
4
Calculate the greatest common divisor of 1536 and 60.
12
Calculate the highest common factor of 76 and 4.
4
What is the highest common divisor of 215 and 86?
43
What is the greatest common factor of 15 and 5?
5
Calculate the greatest common divisor of 187 and 306.
17
What is the highest common factor of 17 and 221?
17
What is the highest common factor of 3915 and 290?
145
Calculate the highest common divisor of 1722 and 504.
42
What is the greatest common factor of 150 and 120?
30
Calculate the greatest common divisor of 200 and 32.
8
Calculate the highest common divisor of 399 and 13699.
133
Calculate the highest common divisor of 102 and 11628.
102
Calculate the highest common factor of 195 and 1040.
65
Calculate the highest common divisor of 57 and 192.
3
What is the greatest common factor of 578 and 272?
34
What is the highest common factor of 166 and 21082?
166
What is the greatest common divisor of 46733 and 17?
17
Calculate the highest common divisor of 4500 and 60.
60
Calculate the greatest common factor of 5243 and 214.
107
What is the highest common factor of 48 and 12?
12
What is the g